highest common factor of i and 60?
20
Suppose 3124 = -54*a + 17704. Calculate the highest common divisor of 432 and a.
54
Let p be 362/9 + (-8)/36 + 5. What is the greatest common factor of p and 195?
15
Let h(g) = -6*g + 12. Let r(c) = -1. Let d(q) = -h(q) - 12*r(q). Let p be d(3). What is the highest common factor of 48 and p?
6
Let v be 86/2 + 2/(-2). What is the highest common divisor of 189 and v?
21
Suppose 0 = 4*p - 226 - 222. Let g be 390/25 + (-4)/(-10). Calculate the highest common factor of g and p.
16
Suppose -7 = -d + 9. Suppose -420 = -2*y - 5*y. Suppose -4*f - y = -3*h, 4*h - h - 36 = -4*f. Calculate the greatest common divisor of d and h.
16
Let x(o) = -o. Let t(z) = -z**2 - 7*z - 12. Let s(b) = -t(b) + 5*x(b). Let a be s(4). Calculate the greatest common factor of a and 324.
36
Let d(k) = 4*k**3 - 25*k**2 + 7*k + 13. Let n be d(7). What is the greatest common factor of 176 and n?
11
Let y be (0 + 46)*(14 + -13). Suppose 4*x = 4*m + 336, 3*m + y = 2*x - 125. Let h = x + -43. Calculate the highest common factor of 19 and h.
19
Let d be (3/12 + (-14)/(-56))*104. Calculate the highest common divisor of 208 and d.
52
Let o(s) = s**3 - 9*s**2 + s - 3. Let j be o(9). Suppose t = 4*b + j*t - 1, -4*t - 28 = -4*b. Calculate the highest common divisor of b and 28.
4
Let l be (32/(-7))/(506/(-8855)). What is the greatest common divisor of l and 80?
80
Let n = -54 + 50. Let f(o) = 6*o**2 + 6*o. Let p be f(n). What is the highest common divisor of p and 8?
8
Suppose 7*r - 136 = 10*r - 20*r. Let t be 1 - ((0 - 32) + 1). What is the greatest common divisor of r and t?
8
Suppose 0 = -0*w - 3*w + 252. Suppose 49*x - 58*x = -108. What is the highest common divisor of x and w?
12
Suppose -416 = -1040*d + 1027*d. Let z(l) = 23*l + 1. Let n be z(1). What is the highest common factor of n and d?
8
Suppose -3*w + 20 - 11 = 0. Let q(d) = 5*d + 9. Let p be q(w). Calculate the greatest common factor of p and 60.
12
Suppose -p - 2*p = 4*f + 8, 5*p + 5*f = -10. Let v(s) = -s + s**2 - s**3 + 1 + 19 + 2*s**3. Let t be v(p). Calculate the greatest common factor of 20 and t.
20
Let z = 1573 + -538. What is the greatest common factor of z and 90?
45
Let g = -2235 + 2711. What is the greatest common divisor of g and 49?
7
Let i = -29 - -62. Suppose 0 = 37*n - 7068 - 3921. Calculate the highest common divisor of i and n.
33
Suppose -5*o + u = -379, o - 75 = -5*u + 6. Let k = -30 + 32. Suppose -k*f = -48 - 180. What is the highest common factor of f and o?
38
Suppose 101 = 4*y + 3*w - 4*w, 5*w = 3*y - 63. Suppose 0 = -18*b + 27*b - 468. Calculate the greatest common divisor of y and b.
26
Let d(h) = 22*h - 188. Let r be d(14). What is the greatest common divisor of 25 and r?
5
Suppose -8*g + 32 = -136. What is the greatest common divisor of g and 987?
21
Let x be 5 - 2 - (-10 + 46). Let f = x - -44. What is the highest common divisor of 99 and f?
11
Suppose -4*s = -5*s + 8. Let x be (4/16*-6)/((-6)/32). What is the highest common factor of s and x?
8
Suppose -3*g + 22 = -w, 0 = -5*g + 5*w + 6 + 14. Calculate the highest common divisor of 18 and g.
9
Suppose -5*t + 71 = 11. Let p = -236 + 332. Calculate the greatest common factor of p and t.
12
Suppose 11*v = 29*v - 288. What is the greatest common divisor of v and 72?
8
Suppose 3590 - 371 = 29*x. Let a be (10/(-8))/((-1)/4). Suppose -m - 3*s = 3*m - 305, 2*m - 133 = a*s. Calculate the greatest common factor of x and m.
37
Suppose 4*c - 21 = c. Let y be -6*(4 - c)*1. Calculate the highest common divisor of y and 126.
18
Let t(d) be the second derivative of -3*d**3 + 5*d**2 - 54*d. Let f be t(-2). Calculate the greatest common divisor of 92 and f.
46
Let m be (-1 - -3)/(2/39). Calculate the greatest common factor of 624 and m.
39
Suppose -5*v + 41 = -39. Suppose -12*m - 420 = 3*m. Let y = m - -76. What is the greatest common divisor of y and v?
16
Let v(u) = u**3 + 11*u**2 + 17*u - 2. Let n be v(-4). What is the highest common divisor of n and 56?
14
Let a = -11 - -15. Suppose 5*u = -5*t + 31 + 69, -84 = -a*u - 5*t. Let v = 7 + 9. Calculate the highest common factor of u and v.
16
Let q(g) be the third derivative of -7*g**4/4 - g**3/3 - 15*g**2. Let a be q(-1). What is the highest common divisor of a and 8?
8
Let n(d) = -33*d**3 + 3*d**2 + 9*d + 7. Let h be n(-1). What is the highest common divisor of h and 459?
17
Let w = -296 + 308. Let b = -86 + 134. What is the highest common divisor of b and w?
12
Suppose -9*r = -7*r - 90. Calculate the greatest common factor of 5 and r.
5
Let j be 8/(-44) + (-5290)/(-55). Suppose 3*q = 3*v + j, -2*q = 2*q + 2*v - 122. Calculate the highest common factor of 217 and q.
31
Let j = 57 + 71. Let p = 46 - 19. Let i = -11 + p. Calculate the greatest common divisor of j and i.
16
Let a = -995 + 1055. What is the highest common divisor of 28 and a?
4
Suppose 0 = -f + 5*z + 21, 2*f = -2*f - 2*z + 106. Suppose 0 = -2*i + 54 + f. What is the greatest common divisor of i and 5?
5
Suppose -69 - 99 = -4*w. Suppose -64*h + 62*h = -3*c - 114, 0 = 4*h + 4*c - 268. Calculate the highest common divisor of h and w.
21
Let s(k) = -2*k**2 - 2*k. Let t(z) = -z**2 + 1. Let b(l) = s(l) - 6*t(l). Let q be b(3). Calculate the greatest common divisor of 8 and q.
8
Suppose -6*p - p = -p. Let h = 9 - p. Let a be ((-4)/6)/2*-9. What is the greatest common factor of h and a?
3
Let x be (-4)/10 + (-348)/(-20). Suppose -2*u + 224 = 20. What is the highest common factor of x and u?
17
Suppose 4*m = 7*m - 9, -2*m = -w + 225. What is the highest common divisor of w and 21?
21
Let g be ((-456)/(-14))/(3/14). What is the greatest common divisor of 57 and g?
19
Let d(k) be the second derivative of k**4/12 - 5*k**3/2 + 20*k**2 + 21*k. Let j be d(13). What is the highest common factor of 14 and j?
14
Let f be 12/(-10)*(-9 + (25 - 11)). Let a(w) = 0*w - w**2 - w**3 - 5*w**2 - 2*w. Let s be a(f). Calculate the greatest common divisor of s and 96.
12
Let i(u) = -u**3 + 6*u**2 - 7*u - 1. Let y be i(4). Let q be 4/14 + y + 270/35. Calculate the greatest common divisor of q and 176.
11
Let i be -17 + 14 + 0 + (-37)/(-1). Calculate the highest common divisor of 17 and i.
17
Let s(n) = n**3 + 46*n**2 + 89*n + 58. Let o be s(-44). Let k be 4/(-14) + 1080/7. Calculate the highest common factor of o and k.
14
Suppose 10*a - 42 = 5*a + 2*u, -3*u + 12 = 0. Let i(o) = o**3 + 10*o**2 - o - 40. Let d be i(-6). Calculate the greatest common divisor of d and a.
10
Let k = -1 - -5. Suppose t = -k*t + 100. Suppose -15 - 33 = -5*d - 2*h, -5*d + t = -5*h. Calculate the greatest common factor of 72 and d.
8
Let n(w) = 3*w**2 - 12*w + 48. Let h be n(-7). Calculate the highest common divisor of 9 and h.
9
Suppose 3*c + 6 = 0, 5*k - 10*c + 19 = -7*c. Let x be k/(4/6 - 1). What is the greatest common divisor of x and 165?
15
Let q be 824/(7 - 3) - 3. Suppose 2*v + v + m + 161 = 0, -4*v - q = -m. Let z be -2 + 1 - (v + 1). Calculate the greatest common factor of z and 125.
25
Suppose 2*x - x = 2. Suppose -14 = -6*v - x. Suppose a = v*a + 4*m - 14, -3*m = 0. What is the greatest common divisor of 2 and a?
2
Suppose 5*o + 2*m = 49, 5*o + 2*m - 61 = 4*m. Let i = o - 11. Suppose -9*c + 8*c + 115 = i. Calculate the highest common divisor of 46 and c.
23
Suppose 21*l - 19 - 86 = 0. Calculate the greatest common factor of 5 and l.
5
Suppose -3*b = -5*f - 436 - 755, -4*b - 492 = 2*f. Let j = f + 405. Calculate the highest common factor of 15 and j.
15
Let r = 64 - 73. Let p = 15 - r. Calculate the greatest common factor of p and 192.
24
Let s be (-8)/(-6)*351/(-6). Let u = s + 94. What is the greatest common divisor of 2 and u?
2
Suppose -5*u - 912 = -3332. Let l = -327 + u. Let b = l + -14. Calculate the highest common factor of b and 13.
13
Let z = -1588 - -1796. What is the highest common factor of z and 182?
26
Suppose 4*r + 20 = -r + 5*d, -2*r + 5*d = 17. Let g be (3/1 - 10)*r. Suppose 2*x - g = -3. What is the highest common factor of 6 and x?
2
Let w = 79 - -789. Calculate the greatest common divisor of 28 and w.
28
Let g(s) = 4*s + 3. Let v be g(-6). Let b = v - -15. Let m be ((-3)/b)/((-1)/(-54)). Calculate the greatest common factor of 9 and m.
9
Suppose 20*c - 2856 = 12*c. What is the greatest common factor of c and 63?
21
Let m be (9 + 